53*w**2 - 1639*w + 282. Give x(-75).
-543
Let v(m) = m**2 + 81849*m - 982359. Give v(12).
-27
Let k(r) = -34*r**2 - 67*r + 25. Give k(-2).
23
Let j(t) = -t**2 + 566*t - 70834. Calculate j(187).
39
Let p(x) = -15620*x + 4576662. Determine p(293).
2
Let a(w) = w**3 - 12*w**2 + 10*w - 108. Determine a(12).
12
Let t(r) = 5*r**3 - 38*r**2 + 85*r - 258. Determine t(7).
190
Let p(i) = -715*i + 121. What is p(1)?
-594
Let o(j) = 12*j**2 + 3617*j - 9438. Give o(-304).
-14
Let r(a) = 220*a - 1817. What is r(6)?
-497
Let t(l) = -8*l**3 + 340*l**2 - 3347*l - 38. Give t(27).
-11
Let i(l) = l**2 - 7518*l + 75127. Give i(10).
47
Let p(j) = 3*j**3 + 11673*j + 23347. Give p(-2).
-23
Let q(c) = 1269*c - 176756. Determine q(140).
904
Let o(q) = 5*q**3 - 5692*q**2 + 2295*q - 21637. Calculate o(1138).
-15
Let m(f) = -f**3 + 30*f**2 + 52*f - 307. Determine m(31).
344
Let b(a) = a**3 + 126*a**2 - 2399*a + 79. Calculate b(-143).
-4497
Let l(k) = 2*k**3 + 554*k**2 + 16940*k + 3. Give l(-35).
3
Let l(g) = 168*g + 72405. Determine l(-431).
-3
Let l(n) = -n**3 - 22*n**2 - 36*n + 940. Determine l(-11).
5
Let n(t) = -8*t**3 - 39*t**2 + 294*t - 21. Give n(-9).
6
Let x(d) = -d**3 - 259*d**2 - 15509*d + 182. Calculate x(-165).
17
Let u(z) = 2*z**3 - 121*z**2 - 468*z - 11. Give u(-4).
-203
Let t(y) = y**3 + 85*y**2 - 575*y - 88. Determine t(6).
-262
Let t(j) = -870*j + 48212. What is t(55)?
362
Let c(k) = -567*k**2 - 2742*k + 74. Give c(-5).
-391
Let c(f) = f**2 + 39762*f - 517060. What is c(13)?
15
Let y(b) = 74*b**3 - b**2 - 8*b - 9. Give y(-1).
-76
Let s(h) = -5697*h + 102554. What is s(18)?
8
Let r(m) = 13*m**2 - 495*m - 8179. Determine r(-14).
1299
Let r(t) = 368608*t - 1474442. Determine r(4).
-10
Let z(f) = -f**2 + 145*f + 99003. Determine z(395).
253
Let l(f) = -2890*f**2 - 23134*f - 119. Give l(-8).
-7
Let p(x) = -196*x**2 + 2354*x - 14193. Determine p(6).
-7125
Let h(l) = -4*l**3 + 68*l**2 + 212*l - 3615. Give h(17).
-11
Let o(h) = -12*h**2 - 686*h + 2873. Give o(4).
-63
Let v(g) = 5090*g**2 - 15305*g + 55. What is v(3)?
-50
Let c(v) = v**3 + 4*v**2 - 954*v + 2250. What is c(-34)?
6
Let r(h) = -23213*h + 15900906. What is r(685)?
1
Let p(w) = -27*w**2 + 1067*w - 2139. Calculate p(2).
-113
Let p(u) = 14357*u + 2455051. What is p(-171)?
4
Let f(v) = -566*v + 120102. Determine f(213).
-456
Let c(q) = 2*q**3 - 22*q**2 + 75*q - 11. What is c(4)?
65
Let k(m) = 14*m**2 + 11*m + 13. What is k(5)?
418
Let p(j) = -478*j**2 - 7205*j - 3. Calculate p(-15).
522
Let x(t) = 3*t**2 + 1843*t + 12760. Calculate x(-7).
6
Let x(g) = -367*g - 16217. Determine x(-44).
-69
Let j(o) = 3112*o - 59050. Give j(19).
78
Let y(p) = -694*p**2 - 5545*p + 6309. Determine y(-9).
0
Let h(g) = 6*g**3 + 2319*g**2 + 3504*g + 15012. Give h(-385).
-3
Let m(g) = 9*g**2 - 553*g + 554. Give m(1).
10
Let n(r) = -2907*r + 212111. Calculate n(73).
-100
Let z(m) = 2*m**3 + 813*m**2 - 1218*m + 2444. Calculate z(-408).
-4
Let l(f) = -f**3 + 13*f**2 + 73*f + 652. What is l(19)?
-127
Let l(y) = 161*y**3 - 1127*y**2 - 9*y + 122. Calculate l(7).
59
Let c(r) = 521*r - 18746. Calculate c(36).
10
Let s(k) = 60*k - 3214. What is s(49)?
-274
Let g(v) = v**3 + 35*v**2 - 55*v + 3919. Calculate g(-39).
-20
Let s(j) = -4*j**3 + 658*j**2 - 10548*j + 7. What is s(18)?
7
Let n(a) = 13*a**2 - 4349*a + 2320. Give n(334).
-18
Let j(y) = 13823*y - 52577. Calculate j(4).
2715
Let a(w) = 16*w**2 + 1495*w + 626. Determine a(-93).
-25
Let m(d) = -23239*d - 661. Determine m(0).
-661
Let t(w) = -2*w**2 + 933*w - 27852. Determine t(32).
-44
Let p(g) = -3*g**3 + 245*g**2 + 1509*g - 16. Determine p(-6).
398
Let j(g) = -g**3 - 148*g**2 + 517*g + 97693. Calculate j(-147).
85
Let w(c) = c**2 - 2174*c + 21595. Give w(10).
-45
Let t(m) = -17*m**3 + 3*m**2 - 166*m + 495. Determine t(3).
-435
Let y(h) = -3*h**3 + 67*h**2 - 43*h + 300. Determine y(20).
2240
Let u(n) = -n**3 + 10*n**2 + 53*n - 419. What is u(12)?
-71
Let b(h) = h**3 + 18*h**2 + 200*h + 2008. What is b(-14)?
-8
Let c(t) = -7829*t + 70204. What is c(9)?
-257
Let x(t) = 5*t**2 - 1505*t - 1576. Determine x(302).
-66
Let p(y) = -y**3 + 104*y**2 - 131*y - 7275. Determine p(102).
171
Let q(x) = -49*x**2 - 4513*x + 13500. What is q(3)?
-480
Let r(q) = -40*q**3 + 98*q**2 + 201*q - 7. Determine r(-2).
303
Let o(u) = -u**3 + 7*u**2 - 8*u - 78. Calculate o(-8).
946
Let c(w) = w**3 + 28*w**2 + 227*w + 530. Calculate c(-5).
-30
Let w(s) = 2*s**3 + 73*s**2 - 46*s - 334. Calculate w(-37).
-1
Let m(o) = -213*o**2 - 15054*o + 15057. Determine m(1).
-210
Let v(k) = k**2 + 22*k + 414. Calculate v(-23).
437
Let s(r) = -3*r**2 - 260*r - 4800. Give s(-59).
97
Let b(y) = 141*y**2 - 1241*y - 276. Determine b(9).
-24
Let p(z) = -z**3 + 767*z**2 + 6994*z + 77. Give p(-9).
-13
Let f(d) = -1091*d + 17644. Give f(17).
-903
Let a(h) = -949*h**2 + 33199*h + 567. What is a(35)?
7
Let r(i) = i**2 + 492*i - 4391. Calculate r(9).
118
Let j(h) = -h**2 + 5714*h - 511645. What is j(91)?
48
Let u(n) = -31053*n + 869575. Give u(28).
91
Let b(n) = 20966*n - 188663. Determine b(9).
31
Let q(n) = 35948*n + 2120909. Determine q(-59).
-23
Let c(s) = 5*s**3 + 99*s**2 - 68*s - 926. What is c(-20)?
34
Let r(p) = -2637*p - 26045. Determine r(-11).
2962
Let a(g) = g**3 + 52*g**2 + 186*g + 1535. What is a(-49)?
-376
Let i(o) = 71*o + 6631. Calculate i(-109).
-1108
Let p(u) = 213*u + 6517. What is p(-35)?
-938
Let n(h) = -28*h**2 + 1584*h + 22. Determine n(56).
918
Let t(z) = z**3 + 96*z**2 - 106*z - 27661. Calculate t(-94).
-25
Let j(f) = 5676*f + 5686. What is j(-1)?
10
Let x(w) = 2922*w - 295092. Calculate x(101).
30
Let y(p) = -6*p**2 + 6748*p + 253104. What is y(1161)?
6
Let q(m) = -11*m**2 - 796*m - 5135. Give q(-7).
-102
Let o(g) = -g**2 + 639*g + 16760. Give o(-25).
160
Let b(r) = -10*r + 1546. What is b(-2)?
1566
Let w(u) = -62413*u + 187284. Calculate w(3).
45
Let u(x) = x**3 + 37*x**2 + 216*x + 50. Determine u(-7).
8
Let g(l) = -l**3 + 16*l**2 + 21*l + 1171. What is g(20)?
-9
Let o(c) = -c**2 - 1230*c + 58695. Calculate o(46).
-1
Let r(n) = -n**3 - 80*n**2 - 1677*n - 91271. Calculate r(-74).
-29
Let h(p) = 3*p**3 - 11*p**2 - 1386*p - 6750. What is h(-5)?
-470
Let z(n) = -181*n**2 + 11984*n - 95013. Calculate z(57).
6
Let p(x) = 2*x**3 - 39*x**2 + 19292*x - 366179. Calculate p(19).
8
Let n(s) = s**2 + 51*s - 3418. Determine n(44).
762
Let c(x) = -81*x**3 - 3511*x**2 - 1202*x + 86. Calculate c(-43).
0
Let a(o) = -503819*o - 3022916. Calculate a(-6).
-2
Let n(x) = x**2 + 832*x + 169069. Give n(-354).
-143
Let f(g) = 7089*g - 49383. Determine f(7).
240
Let w(n) = -2*n**3 - 61*n**2 - 276*n + 122. What is w(-6)?
14
Let k(r) = -8*r**2 - 2433*r - 23813. Determine k(-294).
1
Let f(w) = -3*w**2 + 53*w + 4082. Determine f(46).
172
Let z(f) = f**3 + 145*f**2 - 406*f - 37959. What is z(-146)?
1
Let k(s) = s**2 - 177*s - 280019. Determine k(-448).
-19
Let x(n) = 3*n**2 - 493*n - 497. Calculate x(164).
-661
Let v(f) = 9*f**3 - 95*f**2 + 109*f - 440. What is v(10)?
150
Let h(d) = 6*d**3 - 2371*d**2 - 6766*d + 11. Calculate h(398).
11
Let g(s) = 33971*s + 1936356. Determine g(-57).
9
Let s(j) = 24*j**2 + 38*j - 738. Calculate s(6).
354
Let g(q) = -2*q**2 - 56*q + 714811. Calculate g(-612).
-5
Let u(x) = 11*x**2 - 1315*x + 37771. Give u(48).
-5
Let n(s) = 94*s - 1944. Calculate n(18).
-252
Let v(k) = -693*k - 53366. Give v(-77).
-5
Let u(r) = 164*r + 6193. Calculate u(-37).
125
Let n(q) = -19*q**3 - 108*q**2 + 35*q + 20. Give n(-6).
26
Let y(s) = -1822*s - 6866. Calculate y(-3).
-1400
Let x(r) = -r**3 - 88*r**2 + 50*r + 11982. What is x(-87)?
63
Let u(z) = -6469*z + 104469. What is u(16)?
965
Let x(y) = -2*y**3 + 69*y**2 - 41*y + 326. Calculate x(34).
88
Let i(k) = -98*k**3 - 879*k**2 + 7*k - 75. Give i(-9).
105
Let g(i) = -2605*i**2 + 251*i + 256. What is g(-1)?
-2600
Let m(l) = 204820*l - 9421717. Determine m(46).
3
Let p(u) = -49*u**2 + 37*u - 212. Determine p(3).
-542
Let h(k) = 5*k**3 - 125*k**2 + 1491*k - 113. Calculate h(11).
7818
Let c(x) = -21*x**3 - 3*x**2 + 86*x - 148. What is c(2)?
-156
Let v(f) = -f**2 - 986*f - 52472. Calculate v(-56).
-392
Let y(o) = -122*o - 1153. Calculate y(-10).
67
Let y(g) = g**2 - 390*g - 384. Determine y(-1).
7
Let g(i) = 422*i**3 - 6*i**2 - 5*i - 1. Give g(-1).
-424
Let y(c) = 7947*c + 31288. Determi